{"id":908,"date":"2025-08-05T20:26:09","date_gmt":"2025-08-05T18:26:09","guid":{"rendered":"https:\/\/loretta.sq2.pl\/?page_id=908"},"modified":"2025-08-11T21:00:30","modified_gmt":"2025-08-11T19:00:30","slug":"nala","status":"publish","type":"page","link":"https:\/\/suknie-loretta.pl\/?page_id=908","title":{"rendered":"Nala"},"content":{"rendered":"\n<h2 class=\"wp-block-heading\">Kolekcja \u201eNala\u201d \u2013 Blask elegancji w fasonie litery A<\/h2>\n\n\n\n<p>Zjawiskowa, pe\u0142na szyku i klasy \u2013 kolekcja \u201eNala\u201d to propozycja dla Panien M\u0142odych, kt\u00f3re pragn\u0105 ol\u015bniewa\u0107 z ka\u017cdej strony. Fason litery A \u0142\u0105czy lekko\u015b\u0107 z kr\u00f3lewskim wdzi\u0119kiem, a luksusowe materia\u0142y, po\u0142yskuj\u0105ce aplikacje i perfekcyjne detale tworz\u0105 efekt prawdziwej gwiazdy wieczoru. To suknie, kt\u00f3re nie tylko zachwycaj\u0105 \u2013 one zostaj\u0105 w pami\u0119ci.<\/p>\n\n\n\n<p><strong>Z \u201eNala\u201d ka\u017cda Panna M\u0142oda staje si\u0119 ikon\u0105 stylu.<\/strong><br><br><\/p>\n\n\n\n<p><\/p>\n\n\n\n<figure class=\"wp-block-gallery has-nested-images columns-2 is-cropped wp-block-gallery-1 is-layout-flex wp-block-gallery-is-layout-flex\">\n<figure class=\"wp-block-image size-large\"><a href=\"https:\/\/suknie-loretta.pl\/?page_id=911\"><img fetchpriority=\"high\" decoding=\"async\" width=\"704\" height=\"1024\" data-id=\"943\" src=\"https:\/\/loretta.sq2.pl\/wp-content\/uploads\/2025\/08\/nala242-704x1024.jpg\" alt=\"\" class=\"wp-image-943\" srcset=\"https:\/\/suknie-loretta.pl\/wp-content\/uploads\/2025\/08\/nala242-704x1024.jpg 704w, https:\/\/suknie-loretta.pl\/wp-content\/uploads\/2025\/08\/nala242-206x300.jpg 206w, https:\/\/suknie-loretta.pl\/wp-content\/uploads\/2025\/08\/nala242-768x1117.jpg 768w, https:\/\/suknie-loretta.pl\/wp-content\/uploads\/2025\/08\/nala242-1056x1536.jpg 1056w, https:\/\/suknie-loretta.pl\/wp-content\/uploads\/2025\/08\/nala242.jpg 1100w\" sizes=\"(max-width: 704px) 100vw, 704px\" \/><\/a><\/figure>\n\n\n\n<figure class=\"wp-block-image size-large\"><a href=\"https:\/\/suknie-loretta.pl\/?page_id=1128\"><img decoding=\"async\" width=\"704\" height=\"1024\" data-id=\"944\" src=\"https:\/\/loretta.sq2.pl\/wp-content\/uploads\/2025\/08\/nala271-704x1024.jpg\" alt=\"\" class=\"wp-image-944\" srcset=\"https:\/\/suknie-loretta.pl\/wp-content\/uploads\/2025\/08\/nala271-704x1024.jpg 704w, https:\/\/suknie-loretta.pl\/wp-content\/uploads\/2025\/08\/nala271-206x300.jpg 206w, https:\/\/suknie-loretta.pl\/wp-content\/uploads\/2025\/08\/nala271-768x1117.jpg 768w, https:\/\/suknie-loretta.pl\/wp-content\/uploads\/2025\/08\/nala271-1056x1536.jpg 1056w, https:\/\/suknie-loretta.pl\/wp-content\/uploads\/2025\/08\/nala271.jpg 1100w\" sizes=\"(max-width: 704px) 100vw, 704px\" \/><\/a><\/figure>\n\n\n\n<figure class=\"wp-block-image size-large\"><a href=\"https:\/\/suknie-loretta.pl\/?page_id=1134\"><img decoding=\"async\" width=\"704\" height=\"1024\" data-id=\"946\" src=\"https:\/\/loretta.sq2.pl\/wp-content\/uploads\/2025\/08\/nala281-704x1024.jpg\" alt=\"\" class=\"wp-image-946\" srcset=\"https:\/\/suknie-loretta.pl\/wp-content\/uploads\/2025\/08\/nala281-704x1024.jpg 704w, https:\/\/suknie-loretta.pl\/wp-content\/uploads\/2025\/08\/nala281-206x300.jpg 206w, https:\/\/suknie-loretta.pl\/wp-content\/uploads\/2025\/08\/nala281-768x1117.jpg 768w, https:\/\/suknie-loretta.pl\/wp-content\/uploads\/2025\/08\/nala281-1056x1536.jpg 1056w, https:\/\/suknie-loretta.pl\/wp-content\/uploads\/2025\/08\/nala281.jpg 1100w\" sizes=\"(max-width: 704px) 100vw, 704px\" \/><\/a><\/figure>\n\n\n\n<figure class=\"wp-block-image size-large\"><a href=\"https:\/\/suknie-loretta.pl\/?page_id=1140\"><img loading=\"lazy\" decoding=\"async\" width=\"704\" height=\"1024\" data-id=\"948\" src=\"https:\/\/loretta.sq2.pl\/wp-content\/uploads\/2025\/08\/nala310-704x1024.jpg\" alt=\"\" class=\"wp-image-948\" srcset=\"https:\/\/suknie-loretta.pl\/wp-content\/uploads\/2025\/08\/nala310-704x1024.jpg 704w, https:\/\/suknie-loretta.pl\/wp-content\/uploads\/2025\/08\/nala310-206x300.jpg 206w, https:\/\/suknie-loretta.pl\/wp-content\/uploads\/2025\/08\/nala310-768x1117.jpg 768w, https:\/\/suknie-loretta.pl\/wp-content\/uploads\/2025\/08\/nala310-1056x1536.jpg 1056w, https:\/\/suknie-loretta.pl\/wp-content\/uploads\/2025\/08\/nala310.jpg 1100w\" sizes=\"(max-width: 704px) 100vw, 704px\" \/><\/a><\/figure>\n\n\n\n<figure class=\"wp-block-image size-large\"><a href=\"https:\/\/suknie-loretta.pl\/?page_id=1146\"><img loading=\"lazy\" decoding=\"async\" width=\"704\" height=\"1024\" data-id=\"950\" src=\"https:\/\/loretta.sq2.pl\/wp-content\/uploads\/2025\/08\/nala1003-704x1024.jpg\" alt=\"\" class=\"wp-image-950\" srcset=\"https:\/\/suknie-loretta.pl\/wp-content\/uploads\/2025\/08\/nala1003-704x1024.jpg 704w, https:\/\/suknie-loretta.pl\/wp-content\/uploads\/2025\/08\/nala1003-206x300.jpg 206w, https:\/\/suknie-loretta.pl\/wp-content\/uploads\/2025\/08\/nala1003-768x1117.jpg 768w, https:\/\/suknie-loretta.pl\/wp-content\/uploads\/2025\/08\/nala1003-1056x1536.jpg 1056w, https:\/\/suknie-loretta.pl\/wp-content\/uploads\/2025\/08\/nala1003.jpg 1100w\" sizes=\"(max-width: 704px) 100vw, 704px\" \/><\/a><\/figure>\n<\/figure>\n","protected":false},"excerpt":{"rendered":"<p>Kolekcja \u201eNala\u201d \u2013 Blask elegancji w fasonie litery A Zjawiskowa, pe\u0142na szyku i klasy \u2013 kolekcja \u201eNala\u201d to propozycja dla Panien M\u0142odych, kt\u00f3re pragn\u0105 ol\u015bniewa\u0107 z ka\u017cdej strony. Fason litery A \u0142\u0105czy lekko\u015b\u0107 z kr\u00f3lewskim wdzi\u0119kiem, a luksusowe materia\u0142y, po\u0142yskuj\u0105ce aplikacje i perfekcyjne detale tworz\u0105 efekt prawdziwej gwiazdy wieczoru. To suknie, kt\u00f3re nie tylko zachwycaj\u0105 [&hellip;]<\/p>\n","protected":false},"author":1,"featured_media":0,"parent":0,"menu_order":0,"comment_status":"closed","ping_status":"closed","template":"","meta":{"footnotes":""},"class_list":["post-908","page","type-page","status-publish","hentry"],"yoast_head":"<!-- This site is optimized with the Yoast SEO plugin v25.5 - https:\/\/yoast.com\/wordpress\/plugins\/seo\/ -->\n<title>Nala - Loretta - Salon sukni \u015blubnych Wroc\u0142aw<\/title>\n<meta name=\"robots\" content=\"index, follow, max-snippet:-1, max-image-preview:large, max-video-preview:-1\" \/>\n<link rel=\"canonical\" href=\"https:\/\/suknie-loretta.pl\/?page_id=908\" \/>\n<meta property=\"og:locale\" content=\"pl_PL\" \/>\n<meta property=\"og:type\" content=\"article\" \/>\n<meta property=\"og:title\" content=\"Nala - Loretta - Salon sukni \u015blubnych Wroc\u0142aw\" \/>\n<meta property=\"og:description\" content=\"Kolekcja \u201eNala\u201d \u2013 Blask elegancji w fasonie litery A Zjawiskowa, pe\u0142na szyku i klasy \u2013 kolekcja \u201eNala\u201d to propozycja dla Panien M\u0142odych, kt\u00f3re pragn\u0105 ol\u015bniewa\u0107 z ka\u017cdej strony. Fason litery A \u0142\u0105czy lekko\u015b\u0107 z kr\u00f3lewskim wdzi\u0119kiem, a luksusowe materia\u0142y, po\u0142yskuj\u0105ce aplikacje i perfekcyjne detale tworz\u0105 efekt prawdziwej gwiazdy wieczoru. To suknie, kt\u00f3re nie tylko zachwycaj\u0105 [&hellip;]\" \/>\n<meta property=\"og:url\" content=\"https:\/\/suknie-loretta.pl\/?page_id=908\" \/>\n<meta property=\"og:site_name\" content=\"Loretta - Salon sukni \u015blubnych Wroc\u0142aw\" \/>\n<meta property=\"article:modified_time\" content=\"2025-08-11T19:00:30+00:00\" \/>\n<meta property=\"og:image\" content=\"https:\/\/loretta.sq2.pl\/wp-content\/uploads\/2025\/08\/nala242-704x1024.jpg\" \/>\n<meta name=\"twitter:card\" content=\"summary_large_image\" \/>\n<script type=\"application\/ld+json\" class=\"yoast-schema-graph\">{\"@context\":\"https:\/\/schema.org\",\"@graph\":[{\"@type\":\"WebPage\",\"@id\":\"https:\/\/suknie-loretta.pl\/?page_id=908\",\"url\":\"https:\/\/suknie-loretta.pl\/?page_id=908\",\"name\":\"Nala - Loretta - Salon sukni \u015blubnych Wroc\u0142aw\",\"isPartOf\":{\"@id\":\"https:\/\/suknie-loretta.pl\/#website\"},\"primaryImageOfPage\":{\"@id\":\"https:\/\/suknie-loretta.pl\/?page_id=908#primaryimage\"},\"image\":{\"@id\":\"https:\/\/suknie-loretta.pl\/?page_id=908#primaryimage\"},\"thumbnailUrl\":\"https:\/\/loretta.sq2.pl\/wp-content\/uploads\/2025\/08\/nala242-704x1024.jpg\",\"datePublished\":\"2025-08-05T18:26:09+00:00\",\"dateModified\":\"2025-08-11T19:00:30+00:00\",\"breadcrumb\":{\"@id\":\"https:\/\/suknie-loretta.pl\/?page_id=908#breadcrumb\"},\"inLanguage\":\"pl-PL\",\"potentialAction\":[{\"@type\":\"ReadAction\",\"target\":[\"https:\/\/suknie-loretta.pl\/?page_id=908\"]}]},{\"@type\":\"ImageObject\",\"inLanguage\":\"pl-PL\",\"@id\":\"https:\/\/suknie-loretta.pl\/?page_id=908#primaryimage\",\"url\":\"https:\/\/loretta.sq2.pl\/wp-content\/uploads\/2025\/08\/nala242-704x1024.jpg\",\"contentUrl\":\"https:\/\/loretta.sq2.pl\/wp-content\/uploads\/2025\/08\/nala242-704x1024.jpg\"},{\"@type\":\"BreadcrumbList\",\"@id\":\"https:\/\/suknie-loretta.pl\/?page_id=908#breadcrumb\",\"itemListElement\":[{\"@type\":\"ListItem\",\"position\":1,\"name\":\"Home\",\"item\":\"https:\/\/suknie-loretta.pl\/\"},{\"@type\":\"ListItem\",\"position\":2,\"name\":\"Nala\"}]},{\"@type\":\"WebSite\",\"@id\":\"https:\/\/suknie-loretta.pl\/#website\",\"url\":\"https:\/\/suknie-loretta.pl\/\",\"name\":\"Loretta - Salon sukni \u015blubnych Wroc\u0142aw\",\"description\":\"Spe\u0142niamy marzenia od 1991 roku!\",\"publisher\":{\"@id\":\"https:\/\/suknie-loretta.pl\/#organization\"},\"potentialAction\":[{\"@type\":\"SearchAction\",\"target\":{\"@type\":\"EntryPoint\",\"urlTemplate\":\"https:\/\/suknie-loretta.pl\/?s={search_term_string}\"},\"query-input\":{\"@type\":\"PropertyValueSpecification\",\"valueRequired\":true,\"valueName\":\"search_term_string\"}}],\"inLanguage\":\"pl-PL\"},{\"@type\":\"Organization\",\"@id\":\"https:\/\/suknie-loretta.pl\/#organization\",\"name\":\"Loretta - Salon sukni \u015blubnych Wroc\u0142aw\",\"url\":\"https:\/\/suknie-loretta.pl\/\",\"logo\":{\"@type\":\"ImageObject\",\"inLanguage\":\"pl-PL\",\"@id\":\"https:\/\/suknie-loretta.pl\/#\/schema\/logo\/image\/\",\"url\":\"https:\/\/suknie-loretta.pl\/wp-content\/uploads\/2025\/07\/logo-loretta-3.png\",\"contentUrl\":\"https:\/\/suknie-loretta.pl\/wp-content\/uploads\/2025\/07\/logo-loretta-3.png\",\"width\":261,\"height\":68,\"caption\":\"Loretta - Salon sukni \u015blubnych Wroc\u0142aw\"},\"image\":{\"@id\":\"https:\/\/suknie-loretta.pl\/#\/schema\/logo\/image\/\"}}]}<\/script>\n<!-- \/ Yoast SEO plugin. -->","yoast_head_json":{"title":"Nala - Loretta - Salon sukni \u015blubnych Wroc\u0142aw","robots":{"index":"index","follow":"follow","max-snippet":"max-snippet:-1","max-image-preview":"max-image-preview:large","max-video-preview":"max-video-preview:-1"},"canonical":"https:\/\/suknie-loretta.pl\/?page_id=908","og_locale":"pl_PL","og_type":"article","og_title":"Nala - Loretta - Salon sukni \u015blubnych Wroc\u0142aw","og_description":"Kolekcja \u201eNala\u201d \u2013 Blask elegancji w fasonie litery A Zjawiskowa, pe\u0142na szyku i klasy \u2013 kolekcja \u201eNala\u201d to propozycja dla Panien M\u0142odych, kt\u00f3re pragn\u0105 ol\u015bniewa\u0107 z ka\u017cdej strony. Fason litery A \u0142\u0105czy lekko\u015b\u0107 z kr\u00f3lewskim wdzi\u0119kiem, a luksusowe materia\u0142y, po\u0142yskuj\u0105ce aplikacje i perfekcyjne detale tworz\u0105 efekt prawdziwej gwiazdy wieczoru. To suknie, kt\u00f3re nie tylko zachwycaj\u0105 [&hellip;]","og_url":"https:\/\/suknie-loretta.pl\/?page_id=908","og_site_name":"Loretta - Salon sukni \u015blubnych Wroc\u0142aw","article_modified_time":"2025-08-11T19:00:30+00:00","og_image":[{"url":"https:\/\/loretta.sq2.pl\/wp-content\/uploads\/2025\/08\/nala242-704x1024.jpg","type":"","width":"","height":""}],"twitter_card":"summary_large_image","schema":{"@context":"https:\/\/schema.org","@graph":[{"@type":"WebPage","@id":"https:\/\/suknie-loretta.pl\/?page_id=908","url":"https:\/\/suknie-loretta.pl\/?page_id=908","name":"Nala - Loretta - Salon sukni \u015blubnych Wroc\u0142aw","isPartOf":{"@id":"https:\/\/suknie-loretta.pl\/#website"},"primaryImageOfPage":{"@id":"https:\/\/suknie-loretta.pl\/?page_id=908#primaryimage"},"image":{"@id":"https:\/\/suknie-loretta.pl\/?page_id=908#primaryimage"},"thumbnailUrl":"https:\/\/loretta.sq2.pl\/wp-content\/uploads\/2025\/08\/nala242-704x1024.jpg","datePublished":"2025-08-05T18:26:09+00:00","dateModified":"2025-08-11T19:00:30+00:00","breadcrumb":{"@id":"https:\/\/suknie-loretta.pl\/?page_id=908#breadcrumb"},"inLanguage":"pl-PL","potentialAction":[{"@type":"ReadAction","target":["https:\/\/suknie-loretta.pl\/?page_id=908"]}]},{"@type":"ImageObject","inLanguage":"pl-PL","@id":"https:\/\/suknie-loretta.pl\/?page_id=908#primaryimage","url":"https:\/\/loretta.sq2.pl\/wp-content\/uploads\/2025\/08\/nala242-704x1024.jpg","contentUrl":"https:\/\/loretta.sq2.pl\/wp-content\/uploads\/2025\/08\/nala242-704x1024.jpg"},{"@type":"BreadcrumbList","@id":"https:\/\/suknie-loretta.pl\/?page_id=908#breadcrumb","itemListElement":[{"@type":"ListItem","position":1,"name":"Home","item":"https:\/\/suknie-loretta.pl\/"},{"@type":"ListItem","position":2,"name":"Nala"}]},{"@type":"WebSite","@id":"https:\/\/suknie-loretta.pl\/#website","url":"https:\/\/suknie-loretta.pl\/","name":"Loretta - Salon sukni \u015blubnych Wroc\u0142aw","description":"Spe\u0142niamy marzenia od 1991 roku!","publisher":{"@id":"https:\/\/suknie-loretta.pl\/#organization"},"potentialAction":[{"@type":"SearchAction","target":{"@type":"EntryPoint","urlTemplate":"https:\/\/suknie-loretta.pl\/?s={search_term_string}"},"query-input":{"@type":"PropertyValueSpecification","valueRequired":true,"valueName":"search_term_string"}}],"inLanguage":"pl-PL"},{"@type":"Organization","@id":"https:\/\/suknie-loretta.pl\/#organization","name":"Loretta - Salon sukni \u015blubnych Wroc\u0142aw","url":"https:\/\/suknie-loretta.pl\/","logo":{"@type":"ImageObject","inLanguage":"pl-PL","@id":"https:\/\/suknie-loretta.pl\/#\/schema\/logo\/image\/","url":"https:\/\/suknie-loretta.pl\/wp-content\/uploads\/2025\/07\/logo-loretta-3.png","contentUrl":"https:\/\/suknie-loretta.pl\/wp-content\/uploads\/2025\/07\/logo-loretta-3.png","width":261,"height":68,"caption":"Loretta - Salon sukni \u015blubnych Wroc\u0142aw"},"image":{"@id":"https:\/\/suknie-loretta.pl\/#\/schema\/logo\/image\/"}}]}},"_links":{"self":[{"href":"https:\/\/suknie-loretta.pl\/index.php?rest_route=\/wp\/v2\/pages\/908","targetHints":{"allow":["GET"]}}],"collection":[{"href":"https:\/\/suknie-loretta.pl\/index.php?rest_route=\/wp\/v2\/pages"}],"about":[{"href":"https:\/\/suknie-loretta.pl\/index.php?rest_route=\/wp\/v2\/types\/page"}],"author":[{"embeddable":true,"href":"https:\/\/suknie-loretta.pl\/index.php?rest_route=\/wp\/v2\/users\/1"}],"replies":[{"embeddable":true,"href":"https:\/\/suknie-loretta.pl\/index.php?rest_route=%2Fwp%2Fv2%2Fcomments&post=908"}],"version-history":[{"count":10,"href":"https:\/\/suknie-loretta.pl\/index.php?rest_route=\/wp\/v2\/pages\/908\/revisions"}],"predecessor-version":[{"id":1152,"href":"https:\/\/suknie-loretta.pl\/index.php?rest_route=\/wp\/v2\/pages\/908\/revisions\/1152"}],"wp:attachment":[{"href":"https:\/\/suknie-loretta.pl\/index.php?rest_route=%2Fwp%2Fv2%2Fmedia&parent=908"}],"curies":[{"name":"wp","href":"https:\/\/api.w.org\/{rel}","templated":true}]}}