{"id":962,"date":"2025-08-10T21:50:24","date_gmt":"2025-08-10T19:50:24","guid":{"rendered":"https:\/\/loretta.sq2.pl\/?page_id=962"},"modified":"2025-08-11T20:36:32","modified_gmt":"2025-08-11T18:36:32","slug":"rosa","status":"publish","type":"page","link":"https:\/\/suknie-loretta.pl\/?page_id=962","title":{"rendered":"Rosa"},"content":{"rendered":"\n<h2 class=\"wp-block-heading\">Kolekcja \u201eRosa\u201d \u2013 Nowoczesna bajka w stylu Princessa<\/h2>\n\n\n\n<p>Kolekcja \u201eRosa\u201d to wsp\u00f3\u0142czesna interpretacja marze\u0144 o \u015blubie rodem z ba\u015bni. Suknie w fasonie \u201ePrincessa\u201d zachwycaj\u0105 roz\u0142o\u017cystymi sp\u00f3dnicami, lekkimi jak mg\u0142a tiulami i perfekcyjnie dopracowanymi gorsetami, kt\u00f3re podkre\u015blaj\u0105 sylwetk\u0119 z subteln\u0105 elegancj\u0105. To propozycja dla kobiet, kt\u00f3re pragn\u0105 po\u0142\u0105czy\u0107 klasyczn\u0105 form\u0119 z nowoczesnym wyrazem stylu.<\/p>\n\n\n\n<p><br>Ka\u017cdy model z kolekcji \u201eRosa\u201d to efekt po\u0142\u0105czenia innowacyjnych materia\u0142\u00f3w, precyzyjnego krawiectwa i artystycznej wizji. Delikatne hafty, geometryczne koronki i zaskakuj\u0105ce detale sprawiaj\u0105, \u017ce suknie te s\u0105 nie tylko pi\u0119kne, ale te\u017c wyj\u0105tkowe \u2014 stworzone z my\u015bl\u0105 o Pannach M\u0142odych, kt\u00f3re chc\u0105 wyrazi\u0107 siebie w dniu \u015blubu.<\/p>\n\n\n\n<p><br><strong>\u201eRosa\u201d to wi\u0119cej ni\u017c suknia \u2014 to manifest kobieco\u015bci, si\u0142y i romantyzmu w nowoczesnym wydaniu.<\/strong><br><br><br><\/p>\n\n\n\n<figure class=\"wp-block-gallery has-nested-images columns-2 is-cropped wp-block-gallery-1 is-layout-flex wp-block-gallery-is-layout-flex\">\n<figure class=\"wp-block-image size-large\"><a href=\"https:\/\/suknie-loretta.pl\/?page_id=1024\"><img fetchpriority=\"high\" decoding=\"async\" width=\"704\" height=\"1024\" data-id=\"965\" src=\"https:\/\/loretta.sq2.pl\/wp-content\/uploads\/2025\/08\/rosa216-704x1024.jpg\" alt=\"\" class=\"wp-image-965\" srcset=\"https:\/\/suknie-loretta.pl\/wp-content\/uploads\/2025\/08\/rosa216-704x1024.jpg 704w, https:\/\/suknie-loretta.pl\/wp-content\/uploads\/2025\/08\/rosa216-206x300.jpg 206w, https:\/\/suknie-loretta.pl\/wp-content\/uploads\/2025\/08\/rosa216-768x1117.jpg 768w, https:\/\/suknie-loretta.pl\/wp-content\/uploads\/2025\/08\/rosa216-1056x1536.jpg 1056w, https:\/\/suknie-loretta.pl\/wp-content\/uploads\/2025\/08\/rosa216.jpg 1100w\" sizes=\"(max-width: 704px) 100vw, 704px\" \/><\/a><\/figure>\n\n\n\n<figure class=\"wp-block-image size-large\"><a href=\"https:\/\/suknie-loretta.pl\/?page_id=1032\"><img decoding=\"async\" width=\"704\" height=\"1024\" data-id=\"967\" src=\"https:\/\/loretta.sq2.pl\/wp-content\/uploads\/2025\/08\/rosa284-704x1024.jpg\" alt=\"\" class=\"wp-image-967\" srcset=\"https:\/\/suknie-loretta.pl\/wp-content\/uploads\/2025\/08\/rosa284-704x1024.jpg 704w, https:\/\/suknie-loretta.pl\/wp-content\/uploads\/2025\/08\/rosa284-206x300.jpg 206w, https:\/\/suknie-loretta.pl\/wp-content\/uploads\/2025\/08\/rosa284-768x1117.jpg 768w, https:\/\/suknie-loretta.pl\/wp-content\/uploads\/2025\/08\/rosa284-1056x1536.jpg 1056w, https:\/\/suknie-loretta.pl\/wp-content\/uploads\/2025\/08\/rosa284.jpg 1100w\" sizes=\"(max-width: 704px) 100vw, 704px\" \/><\/a><\/figure>\n\n\n\n<figure class=\"wp-block-image size-large\"><a href=\"https:\/\/suknie-loretta.pl\/?page_id=1041\"><img decoding=\"async\" width=\"704\" height=\"1024\" data-id=\"969\" src=\"https:\/\/loretta.sq2.pl\/wp-content\/uploads\/2025\/08\/rosa302-704x1024.jpg\" alt=\"\" class=\"wp-image-969\" srcset=\"https:\/\/suknie-loretta.pl\/wp-content\/uploads\/2025\/08\/rosa302-704x1024.jpg 704w, https:\/\/suknie-loretta.pl\/wp-content\/uploads\/2025\/08\/rosa302-206x300.jpg 206w, https:\/\/suknie-loretta.pl\/wp-content\/uploads\/2025\/08\/rosa302-768x1117.jpg 768w, https:\/\/suknie-loretta.pl\/wp-content\/uploads\/2025\/08\/rosa302-1056x1536.jpg 1056w, https:\/\/suknie-loretta.pl\/wp-content\/uploads\/2025\/08\/rosa302.jpg 1100w\" sizes=\"(max-width: 704px) 100vw, 704px\" \/><\/a><\/figure>\n\n\n\n<figure class=\"wp-block-image size-large\"><a href=\"https:\/\/suknie-loretta.pl\/?page_id=1049\"><img loading=\"lazy\" decoding=\"async\" width=\"704\" height=\"1024\" data-id=\"971\" src=\"https:\/\/suknie-loretta.pl\/wp-content\/uploads\/2025\/08\/rosa327-704x1024.jpg\" alt=\"\" class=\"wp-image-971\" srcset=\"https:\/\/suknie-loretta.pl\/wp-content\/uploads\/2025\/08\/rosa327-704x1024.jpg 704w, https:\/\/suknie-loretta.pl\/wp-content\/uploads\/2025\/08\/rosa327-206x300.jpg 206w, https:\/\/suknie-loretta.pl\/wp-content\/uploads\/2025\/08\/rosa327-768x1117.jpg 768w, https:\/\/suknie-loretta.pl\/wp-content\/uploads\/2025\/08\/rosa327-1056x1536.jpg 1056w, https:\/\/suknie-loretta.pl\/wp-content\/uploads\/2025\/08\/rosa327.jpg 1100w\" sizes=\"(max-width: 704px) 100vw, 704px\" \/><\/a><\/figure>\n\n\n\n<figure class=\"wp-block-image size-large\"><a href=\"https:\/\/suknie-loretta.pl\/?page_id=1056\"><img loading=\"lazy\" decoding=\"async\" width=\"704\" height=\"1024\" data-id=\"973\" src=\"https:\/\/suknie-loretta.pl\/wp-content\/uploads\/2025\/08\/rosa404-704x1024.jpg\" alt=\"\" class=\"wp-image-973\" srcset=\"https:\/\/suknie-loretta.pl\/wp-content\/uploads\/2025\/08\/rosa404-704x1024.jpg 704w, https:\/\/suknie-loretta.pl\/wp-content\/uploads\/2025\/08\/rosa404-206x300.jpg 206w, https:\/\/suknie-loretta.pl\/wp-content\/uploads\/2025\/08\/rosa404-768x1117.jpg 768w, https:\/\/suknie-loretta.pl\/wp-content\/uploads\/2025\/08\/rosa404-1056x1536.jpg 1056w, https:\/\/suknie-loretta.pl\/wp-content\/uploads\/2025\/08\/rosa404.jpg 1100w\" sizes=\"(max-width: 704px) 100vw, 704px\" \/><\/a><\/figure>\n<\/figure>\n","protected":false},"excerpt":{"rendered":"<p>Kolekcja \u201eRosa\u201d \u2013 Nowoczesna bajka w stylu Princessa Kolekcja \u201eRosa\u201d to wsp\u00f3\u0142czesna interpretacja marze\u0144 o \u015blubie rodem z ba\u015bni. Suknie w fasonie \u201ePrincessa\u201d zachwycaj\u0105 roz\u0142o\u017cystymi sp\u00f3dnicami, lekkimi jak mg\u0142a tiulami i perfekcyjnie dopracowanymi gorsetami, kt\u00f3re podkre\u015blaj\u0105 sylwetk\u0119 z subteln\u0105 elegancj\u0105. To propozycja dla kobiet, kt\u00f3re pragn\u0105 po\u0142\u0105czy\u0107 klasyczn\u0105 form\u0119 z nowoczesnym wyrazem stylu. Ka\u017cdy model [&hellip;]<\/p>\n","protected":false},"author":1,"featured_media":0,"parent":0,"menu_order":0,"comment_status":"closed","ping_status":"closed","template":"","meta":{"footnotes":""},"class_list":["post-962","page","type-page","status-publish","hentry"],"yoast_head":"<!-- This site is optimized with the Yoast SEO plugin v25.5 - https:\/\/yoast.com\/wordpress\/plugins\/seo\/ -->\n<title>Rosa - Loretta - Salon sukni \u015blubnych Wroc\u0142aw<\/title>\n<meta name=\"robots\" content=\"index, follow, max-snippet:-1, max-image-preview:large, max-video-preview:-1\" \/>\n<link rel=\"canonical\" href=\"https:\/\/suknie-loretta.pl\/?page_id=962\" \/>\n<meta property=\"og:locale\" content=\"pl_PL\" \/>\n<meta property=\"og:type\" content=\"article\" \/>\n<meta property=\"og:title\" content=\"Rosa - Loretta - Salon sukni \u015blubnych Wroc\u0142aw\" \/>\n<meta property=\"og:description\" content=\"Kolekcja \u201eRosa\u201d \u2013 Nowoczesna bajka w stylu Princessa Kolekcja \u201eRosa\u201d to wsp\u00f3\u0142czesna interpretacja marze\u0144 o \u015blubie rodem z ba\u015bni. Suknie w fasonie \u201ePrincessa\u201d zachwycaj\u0105 roz\u0142o\u017cystymi sp\u00f3dnicami, lekkimi jak mg\u0142a tiulami i perfekcyjnie dopracowanymi gorsetami, kt\u00f3re podkre\u015blaj\u0105 sylwetk\u0119 z subteln\u0105 elegancj\u0105. To propozycja dla kobiet, kt\u00f3re pragn\u0105 po\u0142\u0105czy\u0107 klasyczn\u0105 form\u0119 z nowoczesnym wyrazem stylu. Ka\u017cdy model [&hellip;]\" \/>\n<meta property=\"og:url\" content=\"https:\/\/suknie-loretta.pl\/?page_id=962\" \/>\n<meta property=\"og:site_name\" content=\"Loretta - Salon sukni \u015blubnych Wroc\u0142aw\" \/>\n<meta property=\"article:modified_time\" content=\"2025-08-11T18:36:32+00:00\" \/>\n<meta property=\"og:image\" content=\"https:\/\/loretta.sq2.pl\/wp-content\/uploads\/2025\/08\/rosa216-704x1024.jpg\" \/>\n<meta name=\"twitter:card\" content=\"summary_large_image\" \/>\n<meta name=\"twitter:label1\" content=\"Szacowany czas czytania\" \/>\n\t<meta name=\"twitter:data1\" content=\"1 minuta\" \/>\n<script type=\"application\/ld+json\" class=\"yoast-schema-graph\">{\"@context\":\"https:\/\/schema.org\",\"@graph\":[{\"@type\":\"WebPage\",\"@id\":\"https:\/\/suknie-loretta.pl\/?page_id=962\",\"url\":\"https:\/\/suknie-loretta.pl\/?page_id=962\",\"name\":\"Rosa - Loretta - Salon sukni \u015blubnych Wroc\u0142aw\",\"isPartOf\":{\"@id\":\"https:\/\/suknie-loretta.pl\/#website\"},\"primaryImageOfPage\":{\"@id\":\"https:\/\/suknie-loretta.pl\/?page_id=962#primaryimage\"},\"image\":{\"@id\":\"https:\/\/suknie-loretta.pl\/?page_id=962#primaryimage\"},\"thumbnailUrl\":\"https:\/\/loretta.sq2.pl\/wp-content\/uploads\/2025\/08\/rosa216-704x1024.jpg\",\"datePublished\":\"2025-08-10T19:50:24+00:00\",\"dateModified\":\"2025-08-11T18:36:32+00:00\",\"breadcrumb\":{\"@id\":\"https:\/\/suknie-loretta.pl\/?page_id=962#breadcrumb\"},\"inLanguage\":\"pl-PL\",\"potentialAction\":[{\"@type\":\"ReadAction\",\"target\":[\"https:\/\/suknie-loretta.pl\/?page_id=962\"]}]},{\"@type\":\"ImageObject\",\"inLanguage\":\"pl-PL\",\"@id\":\"https:\/\/suknie-loretta.pl\/?page_id=962#primaryimage\",\"url\":\"https:\/\/loretta.sq2.pl\/wp-content\/uploads\/2025\/08\/rosa216-704x1024.jpg\",\"contentUrl\":\"https:\/\/loretta.sq2.pl\/wp-content\/uploads\/2025\/08\/rosa216-704x1024.jpg\"},{\"@type\":\"BreadcrumbList\",\"@id\":\"https:\/\/suknie-loretta.pl\/?page_id=962#breadcrumb\",\"itemListElement\":[{\"@type\":\"ListItem\",\"position\":1,\"name\":\"Home\",\"item\":\"https:\/\/suknie-loretta.pl\/\"},{\"@type\":\"ListItem\",\"position\":2,\"name\":\"Rosa\"}]},{\"@type\":\"WebSite\",\"@id\":\"https:\/\/suknie-loretta.pl\/#website\",\"url\":\"https:\/\/suknie-loretta.pl\/\",\"name\":\"Loretta - Salon sukni \u015blubnych Wroc\u0142aw\",\"description\":\"Spe\u0142niamy marzenia od 1991 roku!\",\"publisher\":{\"@id\":\"https:\/\/suknie-loretta.pl\/#organization\"},\"potentialAction\":[{\"@type\":\"SearchAction\",\"target\":{\"@type\":\"EntryPoint\",\"urlTemplate\":\"https:\/\/suknie-loretta.pl\/?s={search_term_string}\"},\"query-input\":{\"@type\":\"PropertyValueSpecification\",\"valueRequired\":true,\"valueName\":\"search_term_string\"}}],\"inLanguage\":\"pl-PL\"},{\"@type\":\"Organization\",\"@id\":\"https:\/\/suknie-loretta.pl\/#organization\",\"name\":\"Loretta - Salon sukni \u015blubnych Wroc\u0142aw\",\"url\":\"https:\/\/suknie-loretta.pl\/\",\"logo\":{\"@type\":\"ImageObject\",\"inLanguage\":\"pl-PL\",\"@id\":\"https:\/\/suknie-loretta.pl\/#\/schema\/logo\/image\/\",\"url\":\"https:\/\/suknie-loretta.pl\/wp-content\/uploads\/2025\/07\/logo-loretta-3.png\",\"contentUrl\":\"https:\/\/suknie-loretta.pl\/wp-content\/uploads\/2025\/07\/logo-loretta-3.png\",\"width\":261,\"height\":68,\"caption\":\"Loretta - Salon sukni \u015blubnych Wroc\u0142aw\"},\"image\":{\"@id\":\"https:\/\/suknie-loretta.pl\/#\/schema\/logo\/image\/\"}}]}<\/script>\n<!-- \/ Yoast SEO plugin. -->","yoast_head_json":{"title":"Rosa - Loretta - Salon sukni \u015blubnych Wroc\u0142aw","robots":{"index":"index","follow":"follow","max-snippet":"max-snippet:-1","max-image-preview":"max-image-preview:large","max-video-preview":"max-video-preview:-1"},"canonical":"https:\/\/suknie-loretta.pl\/?page_id=962","og_locale":"pl_PL","og_type":"article","og_title":"Rosa - Loretta - Salon sukni \u015blubnych Wroc\u0142aw","og_description":"Kolekcja \u201eRosa\u201d \u2013 Nowoczesna bajka w stylu Princessa Kolekcja \u201eRosa\u201d to wsp\u00f3\u0142czesna interpretacja marze\u0144 o \u015blubie rodem z ba\u015bni. Suknie w fasonie \u201ePrincessa\u201d zachwycaj\u0105 roz\u0142o\u017cystymi sp\u00f3dnicami, lekkimi jak mg\u0142a tiulami i perfekcyjnie dopracowanymi gorsetami, kt\u00f3re podkre\u015blaj\u0105 sylwetk\u0119 z subteln\u0105 elegancj\u0105. To propozycja dla kobiet, kt\u00f3re pragn\u0105 po\u0142\u0105czy\u0107 klasyczn\u0105 form\u0119 z nowoczesnym wyrazem stylu. Ka\u017cdy model [&hellip;]","og_url":"https:\/\/suknie-loretta.pl\/?page_id=962","og_site_name":"Loretta - Salon sukni \u015blubnych Wroc\u0142aw","article_modified_time":"2025-08-11T18:36:32+00:00","og_image":[{"url":"https:\/\/loretta.sq2.pl\/wp-content\/uploads\/2025\/08\/rosa216-704x1024.jpg","type":"","width":"","height":""}],"twitter_card":"summary_large_image","twitter_misc":{"Szacowany czas czytania":"1 minuta"},"schema":{"@context":"https:\/\/schema.org","@graph":[{"@type":"WebPage","@id":"https:\/\/suknie-loretta.pl\/?page_id=962","url":"https:\/\/suknie-loretta.pl\/?page_id=962","name":"Rosa - Loretta - Salon sukni \u015blubnych Wroc\u0142aw","isPartOf":{"@id":"https:\/\/suknie-loretta.pl\/#website"},"primaryImageOfPage":{"@id":"https:\/\/suknie-loretta.pl\/?page_id=962#primaryimage"},"image":{"@id":"https:\/\/suknie-loretta.pl\/?page_id=962#primaryimage"},"thumbnailUrl":"https:\/\/loretta.sq2.pl\/wp-content\/uploads\/2025\/08\/rosa216-704x1024.jpg","datePublished":"2025-08-10T19:50:24+00:00","dateModified":"2025-08-11T18:36:32+00:00","breadcrumb":{"@id":"https:\/\/suknie-loretta.pl\/?page_id=962#breadcrumb"},"inLanguage":"pl-PL","potentialAction":[{"@type":"ReadAction","target":["https:\/\/suknie-loretta.pl\/?page_id=962"]}]},{"@type":"ImageObject","inLanguage":"pl-PL","@id":"https:\/\/suknie-loretta.pl\/?page_id=962#primaryimage","url":"https:\/\/loretta.sq2.pl\/wp-content\/uploads\/2025\/08\/rosa216-704x1024.jpg","contentUrl":"https:\/\/loretta.sq2.pl\/wp-content\/uploads\/2025\/08\/rosa216-704x1024.jpg"},{"@type":"BreadcrumbList","@id":"https:\/\/suknie-loretta.pl\/?page_id=962#breadcrumb","itemListElement":[{"@type":"ListItem","position":1,"name":"Home","item":"https:\/\/suknie-loretta.pl\/"},{"@type":"ListItem","position":2,"name":"Rosa"}]},{"@type":"WebSite","@id":"https:\/\/suknie-loretta.pl\/#website","url":"https:\/\/suknie-loretta.pl\/","name":"Loretta - Salon sukni \u015blubnych Wroc\u0142aw","description":"Spe\u0142niamy marzenia od 1991 roku!","publisher":{"@id":"https:\/\/suknie-loretta.pl\/#organization"},"potentialAction":[{"@type":"SearchAction","target":{"@type":"EntryPoint","urlTemplate":"https:\/\/suknie-loretta.pl\/?s={search_term_string}"},"query-input":{"@type":"PropertyValueSpecification","valueRequired":true,"valueName":"search_term_string"}}],"inLanguage":"pl-PL"},{"@type":"Organization","@id":"https:\/\/suknie-loretta.pl\/#organization","name":"Loretta - Salon sukni \u015blubnych Wroc\u0142aw","url":"https:\/\/suknie-loretta.pl\/","logo":{"@type":"ImageObject","inLanguage":"pl-PL","@id":"https:\/\/suknie-loretta.pl\/#\/schema\/logo\/image\/","url":"https:\/\/suknie-loretta.pl\/wp-content\/uploads\/2025\/07\/logo-loretta-3.png","contentUrl":"https:\/\/suknie-loretta.pl\/wp-content\/uploads\/2025\/07\/logo-loretta-3.png","width":261,"height":68,"caption":"Loretta - Salon sukni \u015blubnych Wroc\u0142aw"},"image":{"@id":"https:\/\/suknie-loretta.pl\/#\/schema\/logo\/image\/"}}]}},"_links":{"self":[{"href":"https:\/\/suknie-loretta.pl\/index.php?rest_route=\/wp\/v2\/pages\/962","targetHints":{"allow":["GET"]}}],"collection":[{"href":"https:\/\/suknie-loretta.pl\/index.php?rest_route=\/wp\/v2\/pages"}],"about":[{"href":"https:\/\/suknie-loretta.pl\/index.php?rest_route=\/wp\/v2\/types\/page"}],"author":[{"embeddable":true,"href":"https:\/\/suknie-loretta.pl\/index.php?rest_route=\/wp\/v2\/users\/1"}],"replies":[{"embeddable":true,"href":"https:\/\/suknie-loretta.pl\/index.php?rest_route=%2Fwp%2Fv2%2Fcomments&post=962"}],"version-history":[{"count":12,"href":"https:\/\/suknie-loretta.pl\/index.php?rest_route=\/wp\/v2\/pages\/962\/revisions"}],"predecessor-version":[{"id":1113,"href":"https:\/\/suknie-loretta.pl\/index.php?rest_route=\/wp\/v2\/pages\/962\/revisions\/1113"}],"wp:attachment":[{"href":"https:\/\/suknie-loretta.pl\/index.php?rest_route=%2Fwp%2Fv2%2Fmedia&parent=962"}],"curies":[{"name":"wp","href":"https:\/\/api.w.org\/{rel}","templated":true}]}}